{"id":145,"date":"2025-01-02T18:55:41","date_gmt":"2025-01-02T17:55:41","guid":{"rendered":"https:\/\/www.projektchef.nu\/?page_id=145"},"modified":"2025-01-02T18:55:42","modified_gmt":"2025-01-02T17:55:42","slug":"husmodeller","status":"publish","type":"page","link":"https:\/\/www.projektchef.nu\/index.php\/husmodeller\/","title":{"rendered":"Husmodeller"},"content":{"rendered":"\n<p>Det kommer att komma upp lite olika hus h\u00e4r, f\u00f6r stunden h\u00e5ller jag p\u00e5 att rita upp lite olika hus som jag sj\u00e4lv gillar och som \u00e4r tidstypiska. <\/p>\n\n\n\n<p>Detta inneb\u00e4r att det \u00e4r l\u00e4ttare att utg\u00e5 ifr\u00e5n en grund att skapa det man vill ha, t\u00e4nk att det \u00e4r som excel. Det \u00e4r f\u00f6r stort f\u00f6r att bara b\u00f6rja, vart ska en b\u00f6rja n\u00e5gonstans? M\u00e5nga tar en mall och jobbar om den. \u00c4r ju faktiskt dumt att uppfinna hjulet igen ibland \ud83d\ude03<\/p>\n\n\n\n<p><\/p>\n\n\n\n<p><\/p>\n","protected":false},"excerpt":{"rendered":"<p>Det kommer att komma upp lite olika hus h\u00e4r, f\u00f6r stunden h\u00e5ller jag p\u00e5 att rita upp lite olika hus som jag sj\u00e4lv gillar och som \u00e4r tidstypiska. Detta inneb\u00e4r att det \u00e4r l\u00e4ttare att utg\u00e5 ifr\u00e5n en grund att skapa det man vill ha, t\u00e4nk att det \u00e4r som excel. Det \u00e4r f\u00f6r stort [&hellip;]<\/p>\n","protected":false},"author":1,"featured_media":0,"parent":0,"menu_order":0,"comment_status":"closed","ping_status":"closed","template":"","meta":{"om_disable_all_campaigns":false,"_monsterinsights_skip_tracking":false,"_monsterinsights_sitenote_active":false,"_monsterinsights_sitenote_note":"","_monsterinsights_sitenote_category":0,"footnotes":""},"class_list":["post-145","page","type-page","status-publish","hentry","post-preview"],"aioseo_notices":[],"_links":{"self":[{"href":"https:\/\/www.projektchef.nu\/index.php\/wp-json\/wp\/v2\/pages\/145","targetHints":{"allow":["GET"]}}],"collection":[{"href":"https:\/\/www.projektchef.nu\/index.php\/wp-json\/wp\/v2\/pages"}],"about":[{"href":"https:\/\/www.projektchef.nu\/index.php\/wp-json\/wp\/v2\/types\/page"}],"author":[{"embeddable":true,"href":"https:\/\/www.projektchef.nu\/index.php\/wp-json\/wp\/v2\/users\/1"}],"replies":[{"embeddable":true,"href":"https:\/\/www.projektchef.nu\/index.php\/wp-json\/wp\/v2\/comments?post=145"}],"version-history":[{"count":1,"href":"https:\/\/www.projektchef.nu\/index.php\/wp-json\/wp\/v2\/pages\/145\/revisions"}],"predecessor-version":[{"id":146,"href":"https:\/\/www.projektchef.nu\/index.php\/wp-json\/wp\/v2\/pages\/145\/revisions\/146"}],"wp:attachment":[{"href":"https:\/\/www.projektchef.nu\/index.php\/wp-json\/wp\/v2\/media?parent=145"}],"curies":[{"name":"wp","href":"https:\/\/api.w.org\/{rel}","templated":true}]}}