{"id":2,"date":"2024-06-05T19:08:45","date_gmt":"2024-06-05T17:08:45","guid":{"rendered":"https:\/\/beta.projektchef.nu\/?page_id=2"},"modified":"2026-04-23T21:44:51","modified_gmt":"2026-04-23T19:44:51","slug":"hej","status":"publish","type":"page","link":"https:\/\/www.projektchef.nu\/","title":{"rendered":"Projektchef.nu \u2013 Bygger i l\u00f6svirke med totalentreprenad \ud83d\udc9a"},"content":{"rendered":"\n<p>Som snickare har jag en stark passion f\u00f6r att skapa h\u00e5llbara, funktionella och estetiskt tilltalande hem. Genom att arbeta med l\u00f6svirkesbyggnation kan jag erbjuda skr\u00e4ddarsydda l\u00f6sningar som \u00e4r anpassade efter kundens unika behov och \u00f6nskem\u00e5l. Jag kombinerar traditionellt hantverk med moderna byggtekniker f\u00f6r att s\u00e4kerst\u00e4lla h\u00f6gsta kvalitet i varje detalj.<\/p>\n\n\n\n<p>I min roll som kontrollansvarig (KA) \u00e4r mitt m\u00e5l att s\u00e4kerst\u00e4lla att byggprojekten f\u00f6ljer g\u00e4llande lagar, regler och byggnormer. Jag fungerar som en trygg partner som ser till att projekten fortskrider smidigt, fr\u00e5n planeringsstadiet till f\u00e4rdigst\u00e4llande. Med min certifiering och erfarenhet bidrar jag till att skapa h\u00e5llbara och trygga hem.<\/p>\n\n\n\n<p>Mitt fokus ligger p\u00e5 kvalitet, noggrannhet och en n\u00e4ra dialog med kunden. Genom l\u00f6svirkesbyggnation ges vi m\u00f6jligheten att skapa unika och personliga hem som st\u00e5r stadigt i generationer fram\u00e5t.<\/p>\n\n\n\n<p>V\u00e4lkommen att h\u00f6ra av dig om du har ett projekt p\u00e5 g\u00e5ng eller vill veta mer om hur jag kan hj\u00e4lpa dig!<\/p>\n\n\n\n<p><strong>Klicka till h\u00f6ger f\u00f6r att kika in p\u00e5 lite roligt material<\/strong> \ud83d\ude0e\u27a1 <a href=\"https:\/\/www.instagram.com\/projektchef.nu\/\">Instagram<\/a><\/p>\n\n\n\n<p><strong>Kontakt:<\/strong><br>018-470 60 61<br>peter@projektchef.nu<br>www.linkedin.com\/in\/peter-pg-gustafsson<\/p>\n\n\n\n<p><\/p>\n\n\n\n<hr class=\"wp-block-separator has-css-opacity is-style-default\"\/>\n\n\n<div class=\"wp-block-image is-style-rounded\">\n<figure class=\"aligncenter size-full is-resized\"><img loading=\"lazy\" decoding=\"async\" width=\"512\" height=\"512\" src=\"https:\/\/www.projektchef.nu\/wp-content\/uploads\/2024\/07\/cropped-Mig.jpg\" alt=\"\" class=\"wp-image-40\" style=\"width:150px;height:150px\" srcset=\"https:\/\/www.projektchef.nu\/wp-content\/uploads\/2024\/07\/cropped-Mig.jpg 512w, https:\/\/www.projektchef.nu\/wp-content\/uploads\/2024\/07\/cropped-Mig-300x300.jpg 300w, https:\/\/www.projektchef.nu\/wp-content\/uploads\/2024\/07\/cropped-Mig-150x150.jpg 150w, https:\/\/www.projektchef.nu\/wp-content\/uploads\/2024\/07\/cropped-Mig-270x270.jpg 270w, https:\/\/www.projektchef.nu\/wp-content\/uploads\/2024\/07\/cropped-Mig-192x192.jpg 192w, https:\/\/www.projektchef.nu\/wp-content\/uploads\/2024\/07\/cropped-Mig-180x180.jpg 180w, https:\/\/www.projektchef.nu\/wp-content\/uploads\/2024\/07\/cropped-Mig-32x32.jpg 32w\" sizes=\"auto, (max-width: 512px) 100vw, 512px\" \/><\/figure>\n<\/div>\n\n\n<blockquote class=\"wp-block-quote has-text-align-center is-style-large is-layout-flow wp-block-quote-is-layout-flow\">\n<p>\u201dAtt f\u00e5 skapa folks hus \u00e4r inte bara ett jobb, det \u00e4r en livsstil \u201d<\/p>\n<cite>PG , <em>PRojekt\u00f6r<\/em><\/cite><\/blockquote>\n\n\n\n<hr class=\"wp-block-separator has-css-opacity is-style-default\"\/>\n\n\n\n<p><\/p>\n","protected":false},"excerpt":{"rendered":"<p>Som snickare har jag en stark passion f\u00f6r att skapa h\u00e5llbara, funktionella och estetiskt tilltalande hem. Genom att arbeta med l\u00f6svirkesbyggnation kan jag erbjuda skr\u00e4ddarsydda l\u00f6sningar som \u00e4r anpassade efter kundens unika behov och \u00f6nskem\u00e5l. Jag kombinerar traditionellt hantverk med moderna byggtekniker f\u00f6r att s\u00e4kerst\u00e4lla h\u00f6gsta kvalitet i varje detalj. I min roll som kontrollansvarig [&hellip;]<\/p>\n","protected":false},"author":1,"featured_media":0,"parent":0,"menu_order":-1,"comment_status":"closed","ping_status":"closed","template":"","meta":{"om_disable_all_campaigns":false,"_monsterinsights_skip_tracking":false,"_monsterinsights_sitenote_active":false,"_monsterinsights_sitenote_note":"","_monsterinsights_sitenote_category":0,"footnotes":""},"class_list":["post-2","page","type-page","status-publish","hentry","post-preview"],"aioseo_notices":[],"_links":{"self":[{"href":"https:\/\/www.projektchef.nu\/index.php\/wp-json\/wp\/v2\/pages\/2","targetHints":{"allow":["GET"]}}],"collection":[{"href":"https:\/\/www.projektchef.nu\/index.php\/wp-json\/wp\/v2\/pages"}],"about":[{"href":"https:\/\/www.projektchef.nu\/index.php\/wp-json\/wp\/v2\/types\/page"}],"author":[{"embeddable":true,"href":"https:\/\/www.projektchef.nu\/index.php\/wp-json\/wp\/v2\/users\/1"}],"replies":[{"embeddable":true,"href":"https:\/\/www.projektchef.nu\/index.php\/wp-json\/wp\/v2\/comments?post=2"}],"version-history":[{"count":22,"href":"https:\/\/www.projektchef.nu\/index.php\/wp-json\/wp\/v2\/pages\/2\/revisions"}],"predecessor-version":[{"id":186,"href":"https:\/\/www.projektchef.nu\/index.php\/wp-json\/wp\/v2\/pages\/2\/revisions\/186"}],"wp:attachment":[{"href":"https:\/\/www.projektchef.nu\/index.php\/wp-json\/wp\/v2\/media?parent=2"}],"curies":[{"name":"wp","href":"https:\/\/api.w.org\/{rel}","templated":true}]}}

Projektchef.nu – Bygger i lösvirke med totalentreprenad 💚

<p>Som snickare har jag en stark passion för att skapa hållbara, funktionella och estetiskt tilltalande hem. Genom att arbeta med lösvirkesbyggnation kan jag erbjuda skräddarsydda lösningar som är anpassade efter kundens unika behov och önskemål. Jag kombinerar traditionellt hantverk med moderna byggtekniker för att säkerställa högsta kvalitet i varje detalj.</p>



<p>I min roll som kontrollansvarig (KA) är mitt mål att säkerställa att byggprojekten följer gällande lagar, regler och byggnormer. Jag fungerar som en trygg partner som ser till att projekten fortskrider smidigt, från planeringsstadiet till färdigställande. Med min certifiering och erfarenhet bidrar jag till att skapa hållbara och trygga hem.</p>



<p>Mitt fokus ligger på kvalitet, noggrannhet och en nära dialog med kunden. Genom lösvirkesbyggnation ges vi möjligheten att skapa unika och personliga hem som står stadigt i generationer framåt.</p>



<p>Välkommen att höra av dig om du har ett projekt på gång eller vill veta mer om hur jag kan hjälpa dig!</p>



<p><strong>Klicka till höger för att kika in på lite roligt material</strong> 😎➡ <a href="https://www.instagram.com/projektchef.nu/">Instagram</a></p>



<p><strong>Kontakt:</strong><br>018-470 60 61<br>peter@projektchef.nu<br>www.linkedin.com/in/peter-pg-gustafsson</p>



<p></p>



<hr class="wp-block-separator has-css-opacity is-style-default"/>


<div class="wp-block-image is-style-rounded">
<figure class="aligncenter size-full is-resized"><img loading="lazy" decoding="async" width="512" height="512" src="https://www.projektchef.nu/wp-content/uploads/2024/07/cropped-Mig.jpg" alt="" class="wp-image-40" style="width:150px;height:150px" srcset="https://www.projektchef.nu/wp-content/uploads/2024/07/cropped-Mig.jpg 512w, https://www.projektchef.nu/wp-content/uploads/2024/07/cropped-Mig-300x300.jpg 300w, https://www.projektchef.nu/wp-content/uploads/2024/07/cropped-Mig-150x150.jpg 150w, https://www.projektchef.nu/wp-content/uploads/2024/07/cropped-Mig-270x270.jpg 270w, https://www.projektchef.nu/wp-content/uploads/2024/07/cropped-Mig-192x192.jpg 192w, https://www.projektchef.nu/wp-content/uploads/2024/07/cropped-Mig-180x180.jpg 180w, https://www.projektchef.nu/wp-content/uploads/2024/07/cropped-Mig-32x32.jpg 32w" sizes="auto, (max-width: 512px) 100vw, 512px" /></figure>
</div>


<blockquote class="wp-block-quote has-text-align-center is-style-large is-layout-flow wp-block-quote-is-layout-flow">
<p>”Att få skapa folks hus är inte bara ett jobb, det är en livsstil ”</p>
<cite>PG , <em>PRojektör</em></cite></blockquote>



<hr class="wp-block-separator has-css-opacity is-style-default"/>



<p></p>

<p>Som snickare har jag en stark passion för att skapa hållbara, funktionella och estetiskt tilltalande hem. Genom att arbeta med lösvirkesbyggnation kan jag erbjuda skräddarsydda lösningar som är anpassade efter kundens unika behov och önskemål. Jag kombinerar traditionellt hantverk med moderna byggtekniker för att säkerställa högsta kvalitet i varje detalj. I min roll som kontrollansvarig [&hellip;]</p>
